-5).
6
What is the value of 2 - (-5 + 2 - 1) - 8?
-2
(2 - 0) + -7 - (37 + -38)
-4
Calculate 8 - 1 - (-94 + 105).
-4
What is the value of 1 + -1 + (-4 - 1) + 0?
-5
-4 + 23 + (-20 - -8)
7
5 + -5 + (2 + -9 - -10)
3
10 + 1 + -3 + (1 - 6)
3
What is 1 - ((2 - -4) + -8 + 8)?
-5
Evaluate (1 - 3) + 7 + -5.
0
What is 0 - (0 + -1 + 0 - 2)?
3
What is (4 + 4 - 6) + (1 - 3)?
0
17 + -16 + 4 - (4 + 1)
0
-2 - (-15 + (-3 - -11))
5
Calculate 0 - (5 + -6) - (5 - 1).
-3
Evaluate 2 + (-7 - -1) - -1.
-3
Evaluate -8 + (3 - (0 - 2)).
-3
Evaluate -8 + 8 + 3 + -3.
0
Calculate (-11 - -4 - -15) + -3 + -1.
4
What is the value of -26 - -27 - (1 - -1)?
-1
Calculate -68 + 71 + -1 + 0.
2
What is the value of -1 + -5 + 10 - (2 + 2)?
0
5 - (-1 + (-2 - -3))
5
Evaluate -9 + (12 - 7) + 4 + -2.
-2
What is 1 + 8 - 1 - (2 - 1)?
7
What is the value of (-12 - 0) + -26 + 31 - 0?
-7
Calculate 1 + 0 - (-5 - (-16 - -5)).
-5
Calculate 8 + (-1 - (8 + -5) - -1).
5
What is the value of -1 + (5 - -4 - 4) + -3?
1
What is the value of 0 + ((3 - 0) + -2 - 2)?
-1
What is the value of 0 + 0 - (7 - (1 - -8))?
2
Calculate 3 + 2 + -1 - 3.
1
Evaluate -4 - (0 - -3 - (-37 - -39)).
-5
Calculate (2 - (4 - 1)) + 2.
1
Calculate 4 + -6 + 4 + -7 + 9.
4
What is the value of 1 - (2 + 1) - 3 - -4?
-1
Evaluate -1 + 2 + (-14 + 5 - -6).
-2
(-1 - (-3 + (-3 - -2))) + -12
-9
What is -6 + 11 + (2 - 5)?
2
Evaluate (1 - 4 - (-21 + 23)) + 2.
-3
What is (3 - 1) + (2 - 0)?
4
Evaluate 2 - (-5 + -1 + (0 - -3)).
5
Calculate -5 + (-6 - -21) + -9.
1
What is 2 - (1 + 3) - 1?
-3
What is the value of 2 + -3 + (-1 - -9)?
7
Calculate 9 + -11 + -2 + 10.
6
0 - (0 + -1 + 1)
0
What is -9 - (-9 - (-12 - -11))?
-1
What is 0 + (2 - (0 - -7))?
-5
What is -2 + (2 - (3 + -3 + 1))?
-1
-3 + 0 + 2 - (-24 + 17)
6
What is the value of 2 - (-14 - (2 - 0 - 7))?
11
-12 - (3 + -23) - 6
2
(-3 - -5) + -4 + 0
-2
-2 + 9 + (4 - 6)
5
What is (-7 - 3) + 9 + 1?
0
What is 14 + (-9 - (15 + -14))?
4
13 + -4 + -9 + 5
5
What is -6 - (-3 + -6 - -1)?
2
(-1 - (4 + -2 - 4)) + -2
-1
What is the value of -13 + -6 - -20 - (1 - -3)?
-3
What is -6 + (5 - (2 - (-1 - -1)))?
-3
What is 0 + -8 + 1 - (-24 + 20)?
-3
Evaluate (9 - 14) + 1 + 0.
-4
Calculate 1 + (-3 - (-4 - -1)).
1
What is -7 + -16 + 8 + 16?
1
0 + 0 + 4 + -3
1
What is the value of -5 - (-5 + 3) - (0 - 0)?
-3
Calculate -2 + 0 - 4 - -9 - 11.
-8
What is 4 - (-3 - (-4 - (0 + 2)))?
1
What is (7 - 5) + -3 - -2?
1
Calculate -15 + (13 + -6 - (-6 + 6)).
-8
Calculate 4 + 1 - (-1 + -5 - -15).
-4
Calculate -9 - (-4 + 0 - 0).
-5
What is the value of -6 + 16 + -15 + -1 + 0?
-6
0 - -5 - (-108 + 112)
1
What is 8 + -3 + 5 + (-2 - 3)?
5
(1 - 5) + 2 + 2 + -1
-1
3 + (0 - 3) + 61 + -67
-6
0 + -1 + -2 + 11 + -3
5
-10 + (2 - 1) + (16 - 11)
-4
Calculate -1 + 1 - (-7 + 10).
-3
-7 + 2 + 4 - (5 - 1)
-5
4 - (-4 + (2 - -8))
-2
13 - (13 - (3 + 2))
5
What is the value of -57 - -53 - (1 + (-1 - 6))?
2
What is the value of 10 + (-1 + 4 - 3 - 4)?
6
Calculate 2 - (7 + -13) - 10.
-2
What is the value of 5 - (-2 + 1 - -2)?
4
What is -5 - (-2 + -1 + (0 - -2))?
-4
What is the value of -2 - (3 + 6 + -12)?
1
What is the value of 4 + 0 - (17 - 14)?
1
What is (4 - 1 - 9) + 6?
0
What is 19 + -10 + (-7 - 1)?
1
Evaluate (-5 - 2) + 5 + -1.
-3
(13 - 25 - -11) + 4
3
Evaluate -4 + -2 + 8 + (1 - 0).
3
0 - 4 - (12 - (2 + 8))
-6
What is the value of -6 + 1 + 79 + -72?
2
What is the value of 3 + -3 + (3 + -1 - -3)?
5
-4 - (6 + -12 - -8)
-6
What is 7 + -3 + -1 - 3?
0
What is the value of 9 - (-7 - (-12 - 8))?
-4
-11 - (1 - 7) - -7
2
What is the value of (-6 - -12) + (-9 - -4) + 1?
2
What is the value of 0 + 1 + (4 - -1 - 7)?
-1
Evaluate 4 + 0 - ((8 - 2) + -5).
3
Calculate 29 + -37 + (11 - -1).
4
What is the value of (-7 - -1) + 2 + 5?
1
What is 0 - (-7 + 5 - 2 - 3)?
7
What is -11 + 4 + -4 + 5?
-6
What is the value of -4 - (8 - (1 + 5))?
-6
Evaluate -3 + (4 - (8 + -3 + 0)).
-4
Evaluate 14 + (-10 - (-2 + -1)).
7
What is 2 + -3 + (2 - 6)?
-5
What is -30 + 33 + 1 + 0 + -8?
-4
What is 7 + (2 - 11 - -5)?
3
What is the value of -11 + (-6 - -34) - 14?
3
2 + (5 - 2 - 5)
0
What is the value of -1 + 2 + 1 + 2 + -3?
1
Calculate (11 - 4) + (-6 - -2) - 0.
3
Calculate 0 - (3 - 2) - -2.
1
-9 - ((4 - -6) + -19)
0
What is the value of -10 + 6 + 5 + -8 + -2?
-9
Evaluate (-4 - -7) + -6 + 0.
-3
What is 3 + -1 + (0 - 3)?
-1
Calculate -6 - 1 - -5 - 1.
-3
What is the value of 6 - -1 - (-27 - -29)?
5
What is the value of 4 + 1 + 1 + -3 + 2?
5
Calculate (0 - -2) + (16 - 19).
-1
12 + 19 + -11 + -22
-2
What is 0 + -1 + 6 + -3 - 3?
-1
Evaluate (105 - 103) + 1 + 0 + -1.
2
5 + (0 - -6 - 9 - -1)
3
What is the value of -3 + 0 + 2 + (-3 - -5)?
1
Evaluate 2 + -1 - (3 - 0).
-2
What is -3 + ((-6 - 0) + 3 - -9)?
3
Calculate 75 + -82 - (0 + 0 - 1).
-6
-9 + (14 - (-11 + 21))
-5
What is -2 + 2 + 4 - -2 - 0?
6
Evaluate 7 + -18 + 8 - (-11 + -1).
9
What is the value of 6 - ((5 - 12) + (12 - 2))?
3
-2 + (7 - (-1 - -4)) + -3
-1
8 + -21 + -4 + 1 + 6
-10
5 - (0 + -5 - -9)
1
What is the value of 10 + -20 + (13 - -2)?
5
Calculate -8 - (-12 + 8) - (-2 - 2).
0
What is 2 + (7 - 8) + (-9 - 1)?
-9
What is the value of 1 + 0 + (-9 - -6)?
-2
Calculate (-14 - (-13 - -8)) + 16.
7
Calculate 1 + 4 + 16 + -17.
4
What is -1 - (-29 + 14) - 6?
8
Calculate (-3 - (0 + -15)) + -4 + -3.
5
Evaluate -1 - (5 + (3 - (0 + 4))).
-5
What is -32 + 30 - (1 + -12)?
9
What is the value of -10 + 15 + -9 - 4?
-8
What is the value of 14 - (0 + 7 + 4)?
3
What is the value of 0 - 0 - (-9 - (6 - 9))?
6
What is the value of 2 - ((6 - 4) + 4 + 0)?
-4
What is 1 - (6 + (-5 - (6 - 0)))?
6
What is -63 - -65 - (0 + -1)?
3
Evaluate -3 - (-4 - 2 - (-22 - -20)).
1
What is (6 - (6 + 3)) + (4 - 0)?
1
Evaluate 8 + (-4 - -4) - 3.
5
What is -10 - (3 + -4 + -4)?
-5
What is (3 - 2) + 0 + 9 + -16?
-6
What is -5 + (0 - -2 - (-25 - -20))?
2
Calculate (-3 - (-9 + 4)) + -4 - -3.
1
1 - (-5 - (4 + (-8 - -2)))
4
Calculate (2 - (4 + 1)) + 7.
4
Evaluate -24 + 12 + 20 - (6 - 1).
3
What is 0 - -7 - (-17 - -28)?
-4
Calculate (-1 - 0) + 2 + (0 - -1).
2
What is 2 + -3 + (-16 - -10) + 4?
-3
What is the value of 2 + 2 + (-3 - -2) - 2?
1
3 + 2 - 5 - (15 + -18)
3
Evaluate (7 - (18 - 5)) + (9 - -3).
6
Evaluate (0 - 3) + 4 + -1 - -5.
5
What is the value of 3 - (-4 - (-6 - -3))?
4
What is (2 - (1 + -11)) + -3 - 4?
5
Calculate 1 + (-6 - (-8 - 2)).
5
Evaluate -15 + -1 + 10 - (-1 - 0).
-5
Calculate -39 + 35 - (-3 + 6 - 9).
2
-2 + -6 + 5 + -2
-5
(0 - 5) + 2 - -6
3
Evaluate (0 - 9) + (10 + -9 - 0).
-8
Calculate 8 + 5 + -3 + -8.
2
Evaluate 1 - (-18 - -7) - 6.
6
-1 + (6 - -3) + -3
5
Evaluate (-38 - -31) + (-2 - -12).
3
8 - (13 - (0 + -1))
-6
What is the value of 7 + -2 + -4 + 5?
6
Evaluate -19 + 17 - (1 + -3).
0
Evaluate 1 - 1 - (5 - (2 - -1)).
-2
What is 8 + 3 + (-4 - 2)?
5
What is the value of 3 - (4 + (-3 - (-1 + 0)))?
1
What is the value of 7 - (-30 + 33 + (1 - -13))?
-10
Calculate 5 - (-4 - (0 - 10)).
-1
What is the value of 7 + -5 + (2 - 1)?
3
Calculate -10 + -1 + 4 + 2 + -2.
-7
-1 - 0 - (-4 + 5) - -5
3
What is (0 - (-5 + 2)) + -3 + 5?
5
Evaluate 7 - 20 - -4 - -8.
-1
-1 - ((-1 - -4) + -1)
-3
What is -11 + 5 + 6 - 9?
-9
Calculate 1 - 2 - (1 + -5 + 7).
-4
Calculate -7 + 14 - 3 - (-5 - -3).
6
What is -17 - (-4 - (4 + 3))?
-6
What is the value of 1 - (-5 + 2 + 6 + 1)?
-3
What is (44 - 54) + (6 - 0) + 6?
2
-3 + -1 + 5 - 3
-2
-3 + 4 + (0 - 1)
0
What is -5 + -15 + 12 - 0?
-8
8 - (-2 + 1 + 4)
5
What is the value of 3 + (-1 - 5) + 9 + -8?
-2
Evaluate -3 + 1 + -6 + 3.
-5
What is the value of 3 + -1 - (0 - (-3 - 4))?
-5
What is the value of 1 - (-1 + (2 + -2 - 2))?
4
What is -26 + 24 - (-1 + 0 + 0)?
-1
What is the value of (-1 - -6 - 0) + -3?
2
(3 - -4) + -7 + -10
-10
Evaluate 7 + (-6 - ((-6 - -11) + -7)).
3
What is the value of -6 + 6 + -2 + 1?
-1
-5 + (-3 - -7 - -1)
0
What is the value of 1 - (9 + (-3 + 8 - 10))?
-3
-15 + (3 - -5) + 11
4
-6 + (8 - (-1 - (-5 - 1)))
-3
What is -1 - (4 - (3 - (-3 - 0)))?
1
Calculate 2 + (-7 - -3) + 3 + -5.
-4
-7 + (1 - 0) + 3
-3
What is the value of -6 + 6 + -4 + -1 + 9?
4
-3 + 2 + 2 + -4 + 1
-2
What is the value of -24 + 18 - ((-13 - -2) + 1)?
4
Evaluate (6 - 7) + -7 + 1.
-7
What is 2 + (-2 - 2) - (-8 - -1)?
5
What is the value of 1 + 7 + 102 + -102?
8
Evaluate (-4 - (-1 + -4)) + -7.
-6
What is 1 + (0 - -5) + -5?
1
Calculate -5 + 3 + (-3 + -1 - -4).
-2
-2 + 5 - (-3 + 1